{"id":141,"date":"2022-11-27T18:52:56","date_gmt":"2022-11-27T18:52:56","guid":{"rendered":"https:\/\/oshs-solutions.fi\/?page_id=141"},"modified":"2022-12-12T08:03:21","modified_gmt":"2022-12-12T08:03:21","slug":"about-oshs","status":"publish","type":"page","link":"https:\/\/oshs-solutions.fi\/?page_id=141","title":{"rendered":"Meist\u00e4"},"content":{"rendered":"\n<p>OSHS Solutions Oy on kahden turvallisuusasiantuntijan voimien yhdist\u00e4misen tulos.<br>Intohimoinen asenteemme haasteiden ratkaisemiseen ajaa meit\u00e4 jatkuvasti eteenp\u00e4in.<br><br>Haluamme auttaa rakentamaan yhdess\u00e4 toimivan ty\u00f6yhteis\u00f6n, jonne kaikki voivat tulla omana itsen\u00e4\u00e4n, turvallisin mielin ja jossa kaikkien \u00e4\u00e4ni tulisi kuulluksi. <br>Uskomme vakaasti, ett\u00e4 tapaturmaton toiminta on mahdollista kun siihen sitoudutaan. Toivomme valmennuksiemme her\u00e4tt\u00e4v\u00e4n ajatuksia ja auttavan jokaista ymm\u00e4rt\u00e4m\u00e4\u00e4n oman turvallisen toimintansa ja esimerkkins\u00e4 vaikutuksen t\u00e4ss\u00e4 yhteisess\u00e4 visiossamme. <br><br>Me OSHS Solutionsilla ymm\u00e4rr\u00e4mme, ett\u00e4 arki pit\u00e4\u00e4 sis\u00e4ll\u00e4\u00e4n muutakin kuin ty\u00f6asiat.<br>Siksi haluamme keskitty\u00e4 siihen, miten erilaisten ihmisten erilaiset el\u00e4m\u00e4ntilanteet saattavat n\u00e4ytt\u00e4yty\u00e4 ty\u00f6paikalla, miten ne tulisi huomioida, ja miten toimiva ty\u00f6yhteis\u00f6 voi parhaimmillaan edesauttaa      jokaisen hyvinvointia, niin t\u00f6iss\u00e4 kuin viel\u00e4 kotonakin.<\/p>\n\n\n<div class=\"wp-block-image is-style-rounded\">\n<figure class=\"alignright is-resized\"><img fetchpriority=\"high\" decoding=\"async\" src=\"https:\/\/oshs-solutions.fi\/wp-content\/uploads\/2022\/11\/fir-ma-1-221x300.png\" alt=\"\" width=\"196\" height=\"266\"\/><\/figure>\n<\/div>\n\n\n<p>Pid\u00e4mme ensiarvoisen t\u00e4rke\u00e4n\u00e4 ja oletusarvoisena l\u00e4ht\u00f6kohtana hyvi\u00e4 k\u00e4yt\u00f6stapoja, muiden asiallista kohtelua ja niit\u00e4 jokap\u00e4iv\u00e4isi\u00e4 pieni\u00e4 tekoja, jotka eiv\u00e4t vaadi, mutta voivat antaa paljon.<\/p>\n\n\n\n<p>Kohdellaan toisiamme samoin kuin toivoisimme itse\u00e4mmekin kohdeltavan;<\/p>\n\n\n\n<p>Ymm\u00e4rt\u00e4en<br>Kuunnellen<br>Arvostaen<\/p>\n\n\n\n<p>N\u00e4in rakennetaan yhdess\u00e4 toimiva ty\u00f6yhteis\u00f6, jonne kaikki voivat tulla omana itsen\u00e4\u00e4n turvallisin mielin ja jossa kaikilla on tilaa olla ihminen,<em> joka p\u00e4iv\u00e4.<\/em><\/p>\n\n\n\n<p><br><\/p>\n\n\n\n<p><\/p>\n","protected":false},"excerpt":{"rendered":"<p>OSHS Solutions Oy on kahden turvallisuusasiantuntijan voimien yhdist\u00e4misen tulos.Intohimoinen asenteemme haasteiden ratkaisemiseen ajaa meit\u00e4 jatkuvasti eteenp\u00e4in. Haluamme auttaa rakentamaan yhdess\u00e4 toimivan ty\u00f6yhteis\u00f6n, jonne kaikki voivat<\/p>\n","protected":false},"author":1,"featured_media":0,"parent":0,"menu_order":0,"comment_status":"closed","ping_status":"closed","template":"","meta":{"footnotes":""},"class_list":["post-141","page","type-page","status-publish","hentry"],"_links":{"self":[{"href":"https:\/\/oshs-solutions.fi\/index.php?rest_route=\/wp\/v2\/pages\/141","targetHints":{"allow":["GET"]}}],"collection":[{"href":"https:\/\/oshs-solutions.fi\/index.php?rest_route=\/wp\/v2\/pages"}],"about":[{"href":"https:\/\/oshs-solutions.fi\/index.php?rest_route=\/wp\/v2\/types\/page"}],"author":[{"embeddable":true,"href":"https:\/\/oshs-solutions.fi\/index.php?rest_route=\/wp\/v2\/users\/1"}],"replies":[{"embeddable":true,"href":"https:\/\/oshs-solutions.fi\/index.php?rest_route=%2Fwp%2Fv2%2Fcomments&post=141"}],"version-history":[{"count":27,"href":"https:\/\/oshs-solutions.fi\/index.php?rest_route=\/wp\/v2\/pages\/141\/revisions"}],"predecessor-version":[{"id":370,"href":"https:\/\/oshs-solutions.fi\/index.php?rest_route=\/wp\/v2\/pages\/141\/revisions\/370"}],"wp:attachment":[{"href":"https:\/\/oshs-solutions.fi\/index.php?rest_route=%2Fwp%2Fv2%2Fmedia&parent=141"}],"curies":[{"name":"wp","href":"https:\/\/api.w.org\/{rel}","templated":true}]}}